 -1 + 125 + -125?
-1
Calculate 0 - -1 - (1 + 4 + 1).
-5
Evaluate (4 - (9 + -3)) + 3 + -1.
0
What is -4 - (4 + -1 - 12)?
5
What is the value of 1 + -3 + 11 + 1 + -1?
9
What is the value of 2 - 1 - (-47 + 47)?
1
Evaluate -3 + (0 - (-2 - (-6 + 2))).
-5
What is the value of -2 + (-2 - (-1 - 0 - -3))?
-6
-3 + -3 - -3 - (-2 + -5)
4
Calculate -1 + 1 + 8 + -18.
-10
What is the value of -10 + (-6 - -12) - -4?
0
-3 + 4 - (-4 - (4 + -14))
-5
0 - -2 - (2 + 2 + -5)
3
Evaluate 5 - (7 - (-6 - -4)).
-4
What is the value of 13 + (20 - 13) + -11?
9
Evaluate -3 + (12 - (-8 + -1 + 14)).
4
1 + -2 + -9 + (3 - -1)
-6
What is 18 - 30 - (2 - 10)?
-4
Calculate 6 + 3 + -11 + 1.
-1
What is the value of (1 + 0 - 3) + -6 + 10?
2
-6 - (-29 + 5 + 8)
10
-4 - ((2 - 9) + -2)
5
What is 1 + 0 + (0 - 2) + -1?
-2
Calculate -1 + 1 + -3 + 7 + -2.
2
Evaluate 1 + -3 - (-3 + (-3 - -3)).
1
Evaluate (3 - (-1 + 8 + -5)) + -6.
-5
What is the value of 2 - (2 - -8 - 4)?
-4
Evaluate 0 + -2 - (-7 - -4) - 3.
-2
What is 0 + -1 + (-1 - -5) + -10?
-7
3 - 1 - (-8 + 10) - -2
2
Evaluate 0 - 1 - (-5 - -4 - 4).
4
Evaluate 24 + -25 - (2 + 2 - 0).
-5
Evaluate -5 + (4 - 4) + 0.
-5
19 - 14 - (1 - 0)
4
What is the value of -8 + (-7 - -6) + 12 + 8?
11
-1 + 1 - -3 - -1
4
What is (2 - (6 - -1)) + 0?
-5
What is (12 - 3) + -3 + -1?
5
What is 4 + (3 + 2 - 5)?
4
-10 + 21 + (-8 - 3)
0
What is 2 - (-3 + 5 + -14 - -7)?
7
Evaluate 2 + 2 - 3 - -3.
4
Calculate 5 + -5 + (-1 - (2 + -4)).
1
(4 - (0 - 2)) + 0 + -2
4
Calculate 9 + (23 - 10 - 28).
-6
0 - (-3 + (-2 - -10))
-5
Evaluate -10 + 4 + 3 + (-3 - -1).
-5
5 + 14 + -7 - 13
-1
Calculate 6 + -1 + 6 + -10.
1
What is the value of (5 - 1) + -67 + 66?
3
Calculate 6 + -6 - (1 + -3) - 3.
-1
Calculate (-10 - -13) + -5 + 1 + -2.
-3
-5 + -1 + (-3 - -4)
-5
Evaluate (5 - 12) + 2 + -1.
-6
What is 7 - 6 - -1 - 3?
-1
Evaluate 0 - 2 - (0 - 0 - 6).
4
What is the value of 3 - (-1 + -4 - (-42 - -34))?
0
-12 - -3 - -9 - (6 + -2)
-4
Evaluate (2 - 6) + (2 - -4 - -4).
6
-1 + -1 + -6 - -4
-4
What is the value of 3 + 0 + 4 + -6?
1
Calculate -4 - (-11 + 4 + -2).
5
What is 3 + 0 + -7 + 0?
-4
What is the value of 5 + 4 + -1 - 5?
3
(1 - (4 - 5)) + -4
-2
What is -3 - (-7 + 5 - -3)?
-4
1 + 0 + (0 - 3) - 3
-5
2 + -5 + 0 + (0 - 2)
-5
What is -10 + (-14 - (0 + -29))?
5
Evaluate 2 + 2 + -12 + 3 + 6.
1
What is the value of -7 + 7 + -9 + 7?
-2
What is (-3 - -13) + (-12 - (-6 + -1))?
5
What is (-3 + -8 - -2) + (6 - 2)?
-5
0 - (-1 + 6 + 12 + -13)
-4
What is the value of 0 + 2 + -2 + 5?
5
1 + -6 + 6 - (-5 - -1)
5
Calculate (18 - 19) + -3 + 5.
1
-8 + 9 + 4 + -8
-3
Calculate (3 - 7 - 5) + 5 + 0.
-4
Evaluate 2 + 1 + (0 - 2).
1
What is -6 + (8 - 3) + 3?
2
-6 + 10 - (2 + 5)
-3
Evaluate -1 - (-19 + 12) - -3.
9
What is (-1 - 1) + -2 + 2?
-2
What is -5 + 4 - (-1 - (-4 + 6))?
2
What is the value of 13 - (-2 - 0 - -22)?
-7
-4 + 5 - (-1 + 0)
2
Evaluate (5 - 2) + (-6 - -1).
-2
What is (3 - 9) + -1 + 8?
1
What is the value of -1 + 1 + 2 + -2 + -2?
-2
3 - (-4 + 8) - -6
5
Evaluate (1 - 6 - -1) + (-66 - -69).
-1
6 - (10 + -7 + (-4 - -2))
5
Evaluate (3 - (-5 - -5)) + -5.
-2
-3 - (6 + (-4 - -2)) - -3
-4
1 + (17 - ((-1 - -8) + 0))
11
Evaluate 1 + -2 - (-1 - -2).
-2
Evaluate -3 + 1 + -2 + (-4 - -5).
-3
Evaluate 1 + (2 + (1 - 2) - -1).
3
Calculate -1 + (-4 - (-5 + (2 - -1))).
-3
What is the value of 7 + -6 + -4 - 4?
-7
Calculate (-3 + -3 - (-5 - -3)) + 5.
1
Calculate -5 - (-5 + -4 + 8 - 8).
4
Evaluate 0 - 0 - (3 - (-2 - -7)).
2
Calculate 1 - -2 - (-11 + 12).
2
What is the value of 1 + (-3 - -3) + 1?
2
Evaluate (-3 - -3) + -1 + 5.
4
What is the value of 5 - (20 - (9 + 0))?
-6
What is the value of 0 + (1 - -2) - 7 - 1?
-5
-4 + (3 - (0 + -1))
0
What is -14 + 9 + 4 + (-7 - -3)?
-5
Calculate (-1 - -8 - (7 - 6)) + -2.
4
What is the value of -3 + 3 + -7 + 3 + 3?
-1
(-6 - 2) + -20 + 27
-1
Calculate 0 + -7 + (17 - 12).
-2
3 + (-4 - (3 + -8 + 1))
3
Calculate 3 + (-13 - (-2 - 5)).
-3
-25 + 20 + 5 + -1
-1
What is (0 + -5 - -6) + (0 - -2)?
3
Evaluate -9 + 2 + (85 - 73).
5
What is the value of 7 + 4 + 6 + -16?
1
What is 6 + (0 - 6) - -5?
5
Evaluate (-2 - -12) + -2 + -11.
-3
(-4 - (8 + -15)) + -2
1
Calculate -1 - -2 - ((-5 - -3) + -1).
4
What is the value of -1 + 6 + -7 + 1?
-1
Calculate -368 - -368 - (1 + 1 + 1).
-3
What is the value of -5 + 18 + (1 - 10)?
4
What is the value of -4 + (2 - (4 + 11 - 9))?
-8
Calculate (4 - 3) + 5 + -3.
3
What is the value of -1 - -9 - (14 + -10)?
4
Calculate (8 + -4 - (11 + 2)) + 5.
-4
What is (7 - (-14 + 9)) + -7?
5
What is the value of 4 - (4 + 6 + -3 + -6)?
3
What is the value of -1 - (-1 + -3 + 4) - -2?
1
What is (-8 - (9 + -13)) + 7?
3
Evaluate 4 + -6 + -1 + -2.
-5
Calculate -3 + 0 + (-47 - -45).
-5
What is -4 + -18 + 16 + (0 - -5)?
-1
7 - 2 - (-8 + 8 - 1)
6
3 + 0 + (6 - 5)
4
Evaluate -1 - -10 - (5 + 0).
4
(-3 - -3) + (-5 + 3 - -6)
4
Evaluate 1 + 0 - (-6 + 3).
4
12 - (7 + 2 - 4)
7
What is the value of -2 + 0 - (-17 - -15)?
0
What is (0 - 8) + -16 + 20?
-4
1 + -3 + 2 + -4
-4
25 + -25 - (-2 - 3)
5
(1 - 0) + (-2 - (5 - 5))
-1
Calculate 2 - ((-17 - -10) + (8 - 2)).
3
(-1 - (0 + -7)) + -2
4
Evaluate -1 - (-3 + 4 - 6).
4
Calculate -1 + (13 - 7) + -7.
-2
What is the value of 0 + 1 - (5 - 2)?
-2
-1 + (6 - 4) + -2
-1
5 - 5 - (0 + 1) - 1
-2
Calculate (-3 - -6 - -4) + -3.
4
1 + 4 + (-4 + 3 - 7)
-3
Evaluate -1 + 4 + (0 - 1).
2
Evaluate (-2 - 1) + 5 - -4.
6
Evaluate 2 - (-3 - ((1 - -1) + -3)).
4
2 + -8 + (6 - 7) + 5
-2
What is 11 + -2 + -7 - 10?
-8
Evaluate (4 - 4) + -11 - -4.
-7
-1 - 1 - (-8 - (4 + -10))
0
-7 - ((-4 - -3 - -2) + -2)
-6
What is 4 + -10 + (3 - -3)?
0
What is the value of 3 + (-9 - -5) - 8?
-9
-1 + -4 + 1 + 9
5
What is the value of -9 - -10 - (-1 - -5)?
-3
Evaluate 28 + -12 + (-4 - 4).
8
What is the value of -16 - (-12 + 1 + 2 + 4)?
-11
Evaluate -11 - 0 - (105 - 111).
-5
Evaluate -8 + (11 - -6 - (0 + 1)).
8
Calculate 4 - (7 + -3 - 0) - 1.
-1
Calculate 0 + -5 + (3 - 1).
-3
What is the value of -3 + -18 + 20 - (1 + 0)?
-2
14 - (-2 + -3 + 8 + 2)
9
What is 3 + -2 - (-8 + 10)?
-1
-3 + (9 - 5) + 2
3
Calculate -1 + 2 - (25 + -23).
-1
(1 - 7) + (-1 - -3)
-4
Evaluate 48 + -40 - (6 + 1).
1
Calculate 3 - (3 - 6) - (4 + -2).
4
What is the value of -7 + 10 + -9 + 2?
-4
-2 + (-4 - (-3 + 2))
-5
What is 1 + -10 + 5 + (-3 - -4)?
-3
Calculate (-5 - -16) + -14 + 6.
3
Calculate 4 + (7 - 9 - 3).
-1
What is 4 - 3 - (20 + -15)?
-4
Evaluate -1 + -3 + 4 - (14 + -19).
5
Calculate (-5 - -6) + 8 + -6.
3
What is the value of (13 - 6) + 7 + -18?
-4
-4 + (-6 - -12) - (2 + 10)
-10
Evaluate (-3 - (3 + -5)) + -1 - 3.
-5
Calculate 14 - 14 - (-1 + 4 + -1).
-2
(-2 - (-14 - -7)) + (2 - 6)
1
4 - -1 - (-14 - (-13 + -1))
5
Calculate -2 + 7 + -7 - 4.
-6
What is -6 + (-1 - (6 - 1)) + 18?
6
Evaluate (-3 - 3 - -14) + -15.
-7
What is (14 - 1) + (-3 - 16)?
-6
What is the value of (4 - -3 - 6) + -1 + -2?
-2
Calculate (-9 - -8) + 5 + -5.
-1
Evaluate -4 - ((-5 - -2) + 0).
-1
Calculate (-20 - -20) + -1 + 3 + -3.
-1
0 + 5 + -5 + -4 - -4
0
What is 3 + 3 + -4 - 7?
-5
Calculate -4 + -3 + 3 - -6.
2
What is the value of 1 + 2 + -2 - (3 + 2)?
-4
What is -24 - -26 - (0 + -5)?
7
What is the value of 7 + (-7 - -1 - -4)?
5
Evaluate 10 + -7 + -4 - -4.
3
(-17 - -12 - (-2 - -5)) + 5
-3
What is -11 + 9 + (3 - 4)?
-3
What is -3 + 18 + -1 + -7?
7
Evaluate -2 - (2 + -2 - 2).
0
What is the value of -6 + -1 + (28 - 16)?
5
Calculate 0 + -8 - 0 - -2.
-6
(-8 - -24 - 8) + -4
4
Calculate 6 + 0 - 1 - (-140 - -140).
5
What is -4 + 2 - (3 - 0)?
-5
Evaluate 0 - (5 + 1 - 6).
0
What is the value of 20 + -19 - (1 - 2)?
2
Calculate -9 - (15 - 3 - 12).
-9
What is the value of -4 + 5 + 6 + 1?
8
What is (-1 - 1) + (-87 - -84)?
-5
Calculate -1 + 0 + 2 + (29 - 27).
3
-1 - (-3 - ((-4 - -5) + -11))
-8
Evaluate -11 + (-1 - -3) + 3.
-6
Evaluate (-8 - -6) + -3 - (1 + -9).
3
Evaluate 1 - (-26 + 22 + (1 - -1)).
3
Calculate 4 + (-7 - 7 - -4) - 0.
-6
What is the value of -9 + 6 + (6 - 6)?
-3
What is -1 + -8 + 4 + 7?
2
(11 - 16 - (2 + -6)) + -3
-4
Evaluate (-29 - -30) + 4 + 0.
5
-4 + 12 + -8 + -4
-4
Calculate -3 - -4 - (16 - 9).
-6
What is (-10 - 1 - 2) + 11?
-2
Calculate 4 - ((1 - -2) + 1).
0
What is 0 + -2 - (-10 + 2 + 4)?
2
Evaluate -2 + (14 - 7) + 1 + -2.
4
-6 + (-7 - -15 - 6)
-4
Evaluate 0 - 3 - (4 + -4 - 1).
-2
-9 - -8 - (-4 + 10)
-7
What is the value of 5 + -6 + 5 + (-13 - -3)?
-6
What is -5 -